/(-15)*(0 - -3). Suppose -2*z + u + 26 - 5 = 0, 2*u = -z + l. Calculate the remainder when v is divided by z.
11
Let k(i) = i**3 - 2*i**2 - 2*i - 5. Let q be ((-4)/6 + -2)*(-3)/2. What is the remainder when 52 is divided by k(q)?
14
Calculate the remainder when (-9 - -290) + 8 + -10 is divided by 8.
7
Let o(c) = 2*c + 20. Let i be o(-9). Suppose -i*t = -16 - 10. Calculate the remainder when (-4)/(-6) - (-511)/21 is divided by t.
12
Let s be (-45)/(-4) - ((-21)/12 - -2). Suppose -s*y + 42 = -8*y. What is the remainder when 69 is divided by y?
13
Calculate the remainder when (-12)/(-84) - ((-612)/28 + -4) is divided by 10.
6
Let z be 17 + -1 - (-3)/3. Let o = 64 - z. Calculate the remainder when o is divided by (-10)/8 + 1643/124.
11
Let h(t) = -t**3 - 10*t**2 + 24*t + 26. Calculate the remainder when 123 is divided by h(-12).
19
Let j(g) = g**3 + 16*g**2 + 12*g + 10. Calculate the remainder when 145 is divided by j(-15).
35
Let u(b) = -b**2 + 5*b + 67. Let a be u(11). What is the remainder when 10/(-4)*4/(-2) is divided by (26/91)/(a/7)?
1
Suppose -5*l - 2*l = -133. Let s be 312/40 - (-1)/5. Let k = l + s. Calculate the remainder when 105 is divided by k.
24
What is the remainder when (1 - 9 - -5 - -16)*19 is divided by 28?
23
Suppose -5*a + 25 = 2*g - 1, -2*a = -8. Suppose 0 = -3*i + m + 30, 5*m = g*i - 2*i - 10. Calculate the remainder when 17 is divided by i.
7
Let d = -14 + 12. Let r be (-142)/(-8) + d/(-8). What is the remainder when r/(-45) + 197/5 is divided by 10?
9
Let i = -16 + 42. Suppose 0 = -3*s + 4*l + 158 + 209, 2*l + 248 = 2*s. Calculate the remainder when s is divided by i.
25
Suppose 4*n + 3*k = 12 + 767, -2*n - 4*k = -402. Suppose -5*g + n + 209 = 0. Calculate the remainder when g is divided by 42.
38
Suppose 0 = -5*d + 170 - 50. What is the remainder when 431 is divided by d?
23
Let u be 77 + (8/2 - 6). Let a(l) = u + 6*l + l**2 - 32 - 39. What is the remainder when 9 is divided by a(-6)?
1
Let h = 395 - 372. What is the remainder when 82 is divided by h?
13
Let h = 136 - 46. Calculate the remainder when 220 is divided by h.
40
Let w(i) = 3*i**2. Let u = 58 + -53. Calculate the remainder when w(u) is divided by -4 + 2 + 2 + 19.
18
Calculate the remainder when 63 is divided by -2*4/20 - (-66)/15.
3
Let u(x) = 7*x + 2. Suppose 0 = -4*k - 4*i + 92, 3*k - 2*i - 67 = -3*i. Let q = 34 - k. Calculate the remainder when u(3) is divided by q.
11
Suppose 180 = 3*p - 45. Let n = p - 64. What is the remainder when 31 is divided by n?
9
Suppose 0 = -5*w - j + 266, -5*j = 3*w + 15 - 179. Let h(a) = -2*a**3 - a. What is the remainder when w is divided by h(-2)?
17
Let u be 2/(-5) - 48/(-20). Let v(x) = -x + 1. Let o be v(u). Calculate the remainder when 32 is divided by -8 - -5 - (o + -13).
10
Let q(p) = 3*p + 51. What is the remainder when 145 is divided by q(-7)?
25
Suppose 0 = -4*f - 4*l + 132, -6 = -f - 4*l + 27. Calculate the remainder when 624 is divided by f.
30
Suppose 0*q = 5*q - 175. Let c(m) = m + 9. Let y be c(-7). Calculate the remainder when q is divided by (y/(-6))/(16/(-576)).
11
Let v = -58 - -71. Let u = v + 19. Let r(z) = z**3 - 2*z**2 - 3*z - 3. What is the remainder when u is divided by r(4)?
15
Let z = -4 + -12. Calculate the remainder when 19 is divided by (15 + z)/(2/(-22)).
8
Suppose -13*j - 5014 = -4*s - 11*j, 4*s - 5*j - 5029 = 0. What is the remainder when s is divided by 11?
8
Suppose -9*q - 3*i + 2211 = -6*q, 4*q + i - 2945 = 0. What is the remainder when q is divided by 74?
70
Let b = -201 - -314. Calculate the remainder when b is divided by 29.
26
Let k = 396 - 221. Suppose -31 = 8*g - k. What is the remainder when 107 is divided by g?
17
Suppose 0 = -30*c + 6410 + 1510. What is the remainder when c is divided by 14?
12
Suppose 0 = -b - b + 36. Let f be 10/(-4) + 57/38. Let q(d) = -6*d + 1. Calculate the remainder when b is divided by q(f).
4
Let r(t) = -56*t - 5. Calculate the remainder when r(-3) is divided by 33.
31
Suppose 2*w = -4*q + 1 + 1, 0 = -w - 3*q. Suppose -w*h - 64 = -202. What is the remainder when h is divided by 16?
14
Suppose -23*k = -0*k - 598. Calculate the remainder when 80 is divided by k.
2
Suppose -92 = -4*g - 7*x + 11*x, 2*g = 5*x + 46. Calculate the remainder when g is divided by 16.
7
Suppose 10*q - 12193 = -8203. Calculate the remainder when q is divided by 80.
79
Suppose 0 = 2*v, 4*h - 5*v - 56 = -3*v. Calculate the remainder when ((-92)/12 + 2 + -1)*-6 is divided by h.
12
Suppose 4*c - c + 53 = -4*z, -27 = 2*z + c. Calculate the remainder when (12/z)/((-6)/210) is divided by 17.
13
Suppose -2*b = -i + 31, 72 = 4*i - b + 6*b. Calculate the remainder when i is divided by ((-2)/(-5))/((-264)/(-5280)).
7
Let v(s) = s**3 - 9*s**2 + 14*s - 17. Let a = 38 - 30. Suppose 0*u - 2*u = -5*i - 34, u + 5*i - 17 = 0. Calculate the remainder when v(a) is divided by u.
14
Let q = -14 + 117. Calculate the remainder when q is divided by 102/4 + (-14)/(-28).
25
Let l(a) = a**3 - 18*a**2 + 15*a - 9. Let u be l(17). Let y = u + 56. What is the remainder when 36 is divided by y?
10
What is the remainder when -3 - 48/(-14) - 40342/(-161) is divided by 11?
9
What is the remainder when -2*(-5 - -7) - -48 is divided by 23?
21
Let w(n) = -15*n - 26. Calculate the remainder when w(-3) is divided by 3.
1
What is the remainder when 66 is divided by 74/2 - 0/(-1 + -6)?
29
Let q(w) = w**3 + 7*w**2 + 6*w + 1. Calculate the remainder when q(6) is divided by 46.
45
Let k be (5 - 3)*(-6)/(-4). Suppose -4*p + 10 = 3*m, 4*p + 70 = 2*m + k*m. Calculate the remainder when m is divided by 7.
3
Calculate the remainder when 16 is divided by (20/32)/((-6)/(-48)).
1
Let n be 0*(-1)/(-8)*4. Suppose -3*f - 2 - 4 = n, 4*t = -3*f - 46. Calculate the remainder when 25 is divided by 2/t*(8 - 73).
12
Let d(i) = i**3 + i**2 + i + 40. Let x be (-6)/((-3)/(42/4)). Suppose 12*a - 189 = -x. Calculate the remainder when d(0) is divided by a.
12
Let o = 5 + 12. Suppose 2*l = 2*i - 3*l + 36, -5*i + 4*l = 56. Let c = i + o. Calculate the remainder when 44 is divided by c.
8
Let b = 14 + 28. Suppose 25 = -5*o, -4*o - b = -t - o. Let k(c) = c**2 + 34*c + 15. Calculate the remainder when t is divided by k(-34).
12
Suppose f - 160 = -3*s - 42, -5*s = -f - 194. Let l = s - 13. Let c = 252 - 245. What is the remainder when l is divided by c?
5
Suppose 5*j + 175 = g + j, -2*j + 567 = 3*g. Let z = -5979 - -5988. What is the remainder when g is divided by z?
7
Let t(p) = -p + 25. Let o be t(11). Calculate the remainder when (-5*o)/(2/(-2)) is divided by 18.
16
Suppose -3*d - 15 = -6*d, -3*d + 63 = 2*x. Let v = 29 - x. What is the remainder when 16 is divided by v?
1
Let a(o) = -2*o + 2. Let u be a(2). Let l be (-2)/(-1)*(u - -4). Suppose -5*b = l*i - 3*i - 3, 2*i - 17 = b. What is the remainder when 21 is divided by i?
5
Let y(i) be the first derivative of i**4/4 + 3*i**3 + 4*i**2 - 12*i + 3. What is the remainder when y(-7) is divided by 8?
6
Suppose 957 = -436*s + 469*s. Suppose 3*h - 315 = 204. What is the remainder when h is divided by s?
28
Let u = 572 - 543. Calculate the remainder when u is divided by 6.
5
Suppose 4*s = -2*d + 38, -2*d = -0*d - 5*s - 74. Let j = -74 - -206. What is the remainder when j is divided by d?
24
Let q = -238 - -292. Calculate the remainder when q is divided by 12.
6
Suppose -2*b + 4*b - 60 = 0. Calculate the remainder when 89 is divided by b.
29
Let u(a) = a**2 - 3*a - 2. Let x(i) = -2*i**3 - 22*i**2 - 24*i - 35. Calculate the remainder when u(-2) is divided by x(-10).
3
Let c = -22 - -35. Suppose 2*x - x = 2*x. Suppose -r = 4*w - 9*w + 246, x = -2*w - 3*r + 112. What is the remainder when w is divided by c?
11
Suppose -4*v - 8 + 120 = 0. Suppose -92 - v = -5*g. Let z(y) = 2*y**2 + 14*y + 10. Calculate the remainder when z(-10) is divided by g.
22
Let f be ((-36)/(-15))/(2/(-10)). Let k = f - -7. Calculate the remainder when (-82)/k - (-16)/(-40) is divided by 6.
4
Let x(j) = -22*j + 21. Calculate the remainder when x(-4) is divided by 41.
27
Let k(r) = -r**3 - 6*r**2 - 10*r - 2. Let w(f) = -3*f + 2. Let s be w(2). Let g = -13 + 22. Calculate the remainder when g is divided by k(s).
3
Suppose 0 = -2*n + 5*r - 18, -2*r = 4*n - 2*n + 32. Let l = n + 17. Suppose -7*v + 3*v = 3*g - 6, 2*g = -4*v. Calculate the rema